et t(h) = -2*i(h) + u(h). Give t(n).
3
Let m = -1 + 11. Suppose -2*g + g = c - 2, 0 = 5*c + g + m. Let a(s) = -s**3 - 3*s**2 + 1. What is a(c)?
1
Let a(b) = -5*b**2 - 13*b - 4. Let q(y) = -14*y**2 - 38*y - 13. Let h(d) = 17*a(d) - 6*q(d). What is h(10)?
-20
Let b(j) = 5*j + 1. Let r(d) = 3*d. Let o(u) = 2*b(u) - 3*r(u). Let a = 0 - 3. Let i be (2/(-4) + a)*2. Calculate o(i).
-5
Let c(f) = -36*f - 20. Let x(j) = -4*j - 1. Let l(r) = c(r) - 8*x(r). Determine l(-9).
24
Let y(w) = 506 + w - w**3 - 252 - 263 + 7*w**2. What is y(7)?
-2
Let f(a) be the third derivative of a**7/2520 - a**6/180 + a**5/40 - 19*a**4/24 - 30*a**2. Let c(h) be the second derivative of f(h). Calculate c(5).
8
Let a(m) = m**3 - 13*m**2 + 15*m - 30. Let x be 2 - ((-2)/(-11) + (-112)/11). What is a(x)?
6
Let u(j) = -j**3 + 5*j**2 - 2*j + 14. Let k(h) = -h**3 - 45*h**2 + 93*h - 42. Let q be k(-47). Calculate u(q).
4
Suppose 72*x + 20*x = 644. Let t(n) = 2*n - 5. Give t(x).
9
Suppose 0 = -5*p + 4*r - 6, -124 + 119 = 5*r. Let j(z) = -3*z**2 + 0*z**3 + 7*z**2 + 2*z**3 + 1 + 3*z. Give j(p).
-5
Let i(a) = -a**2 + 6*a - 13. Let q be i(4). Let b be q - (0 + 1 + -9). Let r(x) = 2*x**2 - 4*x. What is r(b)?
6
Let l(c) = 2*c - 2. Let q be l(2). Let v be -2*4/(-16)*q. Let i(t) be the first derivative of -t**2/2 - t + 5. Give i(v).
-2
Let r(n) = -119 + 118 - 5*n**2 - n**2. Suppose 15 = 4*y - 1. Let o(p) = -5*p**2 + p - 1. Let q(s) = y*r(s) - 5*o(s). Give q(6).
7
Let h = -11 - -20. Let k(w) = 5 - h*w + 5*w - w - w**2. Determine k(-5).
5
Let t = 205 - 207. Let i(z) = -z**2 - 3*z - 2. Give i(t).
0
Suppose -13*m - 483 = 56*m. Let u(z) = z**2 + 10*z + 18. Give u(m).
-3
Suppose 0*r = 2*r - 2. Let c(d) = 3 - d + r - 4 + 4. Suppose 5*l + 17 - 2 = 0. Determine c(l).
7
Let t be (0*2/6)/(-3). Let v(m) be the second derivative of -1/12*m**4 + 1/6*m**3 - 21*m + 0 + m**2. Give v(t).
2
Let r(j) = 4 + 3204*j - 3196*j - j**2 + 7. Give r(8).
11
Let k(x) be the first derivative of -x**3/6 + x**2 + 24*x + 10. Let d(g) be the first derivative of k(g). Give d(3).
-1
Let w(m) = 5*m + 23. Let q(h) = 6*h + 23. Let s(o) = -2*q(o) + 3*w(o). Determine s(-11).
-10
Let t(i) = -i**2 + 5*i + 4. Let c(k) be the second derivative of -k + 0 - 4*k**2 + 2*k**3 - 1/12*k**4. Let s be c(11). Determine t(s).
10
Let w be 21/4 + (-14)/56. Let c(s) = 2 - 9*s**3 + 11*s**3 + 3*s + w*s**2 - s**3. Give c(-2).
8
Let w = 0 - -2. Let g = -13 - -13. Suppose g = q - 6 + w. Let i(j) = 2*j - 3. Give i(q).
5
Let l(y) = 3*y**2 + 4*y + 1. Let t = -102 - -101. Let q be (t - 0)/((-184)/24 + 8). Give l(q).
16
Let b(a) = 50*a + 23. Let l(t) = 23*t + 11. Let w(c) = -6*b(c) + 13*l(c). What is w(-5)?
10
Suppose 2*i = 4*d, -4*d + 3*i = -0*i + 4. Let h(u) = -7*u**2 - 4*u + 5. Let g(k) = 20*k**2 + 11*k - 14. Let y(w) = 6*g(w) + 17*h(w). Determine y(d).
1
Let m(g) be the first derivative of g**3/3 - g**2/2 + 5*g - 1. Let t = 4825 + -4825. What is m(t)?
5
Let t(d) = -d + 8. Let j(l) = -1. Let n(r) = -r - 3. Let u(g) = 14*j(g) - 2*n(g). Suppose 4 = 15*z - 17*z. Let x(b) = z*u(b) - 3*t(b). Determine x(0).
-8
Suppose -4*j = -v + 7, -53 = 5*v - 3*j + 5*j. Let h(d) = -d - 12. Determine h(v).
-3
Let q(y) be the first derivative of -1/3*y**3 - 9*y + 5 - 4*y**2. Calculate q(-6).
3
Suppose 9*h = 11*h - 10. Suppose 1 = -s - h. Let z(p) = p - p**2 + 2*p**2 + 5*p + 4. Determine z(s).
4
Let x = -450 + 448. Let k(n) = -4*n**2 - 2*n - 2. Calculate k(x).
-14
Let d be 12/28 - (223/(-84) - -3). Let o(s) be the third derivative of 1/3*s**3 + 8*s**2 + 0 - 1/60*s**5 - d*s**4 + 0*s. Give o(-3).
-1
Suppose 2 = 4*k - 2. Let x(b) = -b**2 - 19. Let y(j) = -j**2 - 54. Let m(l) = 17*x(l) - 6*y(l). What is m(k)?
-10
Let h be -15*(-3)/27*-3. Let a(s) = -6*s - 10. Let n(u) = -5*u - 9. Let m(i) = -2*a(i) + 3*n(i). Give m(h).
8
Let s(k) = 2*k**3 - 4*k**2 + 2*k - 6. Suppose -2*c = -51 + 45. Determine s(c).
18
Let b(r) be the first derivative of -1/3*r**3 + 2*r + 1/2*r**2 - 14. Determine b(4).
-10
Let j(r) = -r + 1564 - 1554 + 5*r - 3*r. Determine j(-7).
3
Suppose 0 = 3*s + 2*g - 0 + 1, 3*g = -3*s - 6. Suppose 4*a + 4*l + 8 = 0, -a + 6*l + s = 2*l. Let c(n) = 11*n. Calculate c(a).
-11
Let f(a) be the second derivative of -a**4/12 - a**3/2 - 2*a**2 + 3*a + 42. Let r = 1 + 2. Suppose -11 - 1 = r*t. Give f(t).
-8
Let b be 3/((-9)/6*1). Let o(v) = 10*v**2 + 9*v + 49. Let l(t) = 4*t**2 + 3*t + 18. Let m(g) = 8*l(g) - 3*o(g). Determine m(b).
11
Let i(l) = -1 - 9*l**2 + l**2 - 2*l - 2*l**2. Let d = 58 + -59. Calculate i(d).
-9
Suppose 4 = -2*p - 0*p + 4*d, 2*p + 4*d = 12. Let n(r) be the second derivative of 0 + 7*r + 1/20*r**5 + 1/6*r**3 + 0*r**4 + r**p. What is n(-2)?
-8
Let o(a) = -3*a + 4. Let h(l) = -2*l + 4. Let c(v) = -3*h(v) + 4*o(v). Let u(r) = -76*r**3 + 227*r**2 + 3*r + 3. Let p be u(3). Determine c(p).
-14
Suppose -4*d - 4*k - 12 = 0, 4*k + 16 = 5*d - 14. Let v(w) = 0 + 2*w**2 + 0*w**d + 1 + 0*w - w. Suppose -4*f = -4*z, -2*f + 4*z - 5 = -3. Calculate v(f).
2
Let r(w) be the first derivative of -w**2/2 + 7*w + 59. Calculate r(6).
1
Let m(a) be the second derivative of -a**5/20 + a**3/6 - 9*a**2 + 22*a + 1. Give m(0).
-18
Let x(p) = -6*p - 1. Let y(z) = -40*z - 7. Let t(q) = -6*x(q) + y(q). Give t(-2).
7
Let t(a) = a**3 - 4*a**2 - a + 4. Let i = 1 - 157. Let s be (-5)/2 + i/(-24). Calculate t(s).
0
Let q(s) be the first derivative of -s**7/840 - s**6/90 - s**5/30 + s**4/24 + 2*s**3/3 + 24. Let k(o) be the third derivative of q(o). Calculate k(-3).
4
Let s(n) = -n**2 + 9*n - 9. Let k be s(6). Let f(t) = 8 + 2*t**2 + 2*t - t - k. Give f(-2).
5
Let y(c) = 4*c - 20. Let s(q) = 7*q - 46. Let n(h) = 2*s(h) - 5*y(h). What is n(2)?
-4
Suppose 4*a - z + 4 = 10, 0 = 2*a + 2*z - 8. Suppose n + a*n = -q + 17, 2*n = 5*q - 17. Let x(v) = v**3 - 3*v**2 - 2. What is x(n)?
14
Let d(v) = 33*v - 13. Let h(l) = 24*l - 9. Let y(g) = -5*d(g) + 7*h(g). Suppose i = -7*j + 2*j - 8, -4*j = -5*i + 76. Suppose 0 = 2*t - 6*t - i. Calculate y(t).
-7
Suppose 15*n + 20 = 20*n. Let d(l) = 4 + 2*l**3 + 18*l**2 + l - 14*l**2 + l**3 - n*l**3. Give d(4).
8
Let s(i) = 6*i + 2. Let r be s(-1). Let j(v) = -v - 1. Let f(q) = -4*q - 4. Let k(h) = 6*f(h) - 26*j(h). Determine k(r).
-6
Let o(k) be the third derivative of k**6/720 - k**5/15 - 19*k**4/12 + 2*k**2. Let z(m) be the second derivative of o(m). What is z(0)?
-8
Let g(i) = -6 - 12 - 4*i**2 + 3*i**2 + 7*i + 11. Let c(p) = -p**3 - 15*p**2 - p - 10. Let o be c(-15). What is g(o)?
3
Let x be (6/4)/((-55)/(-110)). Let r(v) = -4*v - 5. Give r(x).
-17
Suppose 49*l = -6 + 349. Let j(k) = -14*k - 41. Let f(n) = -5*n - 14. Let a(v) = 17*f(v) - 6*j(v). Determine a(l).
1
Let c(t) = t**3 - 3*t**2 + 5. Let o(m) = m**2. Let r(l) = c(l) + 4*o(l). Let i = 187 - 187. Determine r(i).
5
Let m(l) = 4*l**3 - 2*l + 5. Let h(j) be the first derivative of -3*j**4/4 + j**2 - 4*j + 14. Let q(n) = -3*h(n) - 2*m(n). Calculate q(2).
6
Suppose -327*m + 1 = -326*m. Let b(i) = -4*i**3 - i**2 - i + 1. Determine b(m).
-5
Let z(r) = r**2 + 8*r + 5. Suppose 12 = i + 17. Determine z(i).
-10
Let u be (-6)/(18/(-6)) - 51/(-3). Let x(z) = z - 2. Determine x(u).
17
Let v(x) be the first derivative of 7*x**5/20 - x**4/12 + x**2/2 - 16*x - 15. Let s(r) be the first derivative of v(r). What is s(-1)?
-7
Let u = -536 + 546. Let k(s) = s**3 - 9*s**2 - 10*s + 1. Determine k(u).
1
Let h(t) = t + 5. Let n be (4/(-8))/((-1)/(-2)). Let c be h(n). Let j(o) = -o**2 + 4*o + 3. Determine j(c).
3
Let q = -1 + -3. Let c(y) = 2*y**2 + 2*y - 4. Let b(x) = -5*x**2 - 4*x + 12. Let i(f) = -3*b(f) - 8*c(f). Determine i(q).
-4
Suppose -6 = 4*y - f, 5*y + 19 = -5*f - 1. Let b be 4 + (y - 2) + 4. Let m(c) = 2*c**2 - 5*c - 4. Calculate m(b).
8
Let b(k) = -k**3 - 3*k**2 + 5*k. Suppose 2*y - 1 = -0*v + v, 0 = -2*v + 2*y + 2. Let p(h) = -h + 6. Let d be p(v). Let r be d/((-12)/16 + 0). Give b(r).
-4
Let p = -12 - -7. Let n(g) = g - 59. Let d(b) = 7*b - 433. Let j(c) = 3*d(c) - 22*n(c). Calculate j(p).
4
Suppose 2*l = -5*w + 26, -2*l - w = 2*l - 52. Let h = l + -11. Let t(c) = -3*c + 3 + 3 + h*c + 0*c**3 - c**3. What is t(0)?
6
Let w(c) = -c**3 - 7*c**2 + 8*c - 6. Let u = -2 + -15. Let h = u - -8. Let a be 6*((-24)/h + -4). Give w(a).
-6
Let n be (-12)/14 - (-3600)/(-504). Let y(q) = -q**3 - 7*q**2 + 4*q + 9. Give y(n).
41
Suppose 4*c - 5*t